{"id":516,"date":"2025-05-09T21:32:17","date_gmt":"2025-05-09T19:32:17","guid":{"rendered":"https:\/\/www.hydra-adriatic.eu\/?page_id=516"},"modified":"2025-05-09T21:54:42","modified_gmt":"2025-05-09T19:54:42","slug":"hydra-expert","status":"publish","type":"page","link":"https:\/\/www.hydra-adriatic.eu\/index.php\/izdelki\/hydra-expert\/","title":{"rendered":"Hydra Expert"},"content":{"rendered":"\t\t<div data-elementor-type=\"wp-page\" data-elementor-id=\"516\" class=\"elementor elementor-516\">\n\t\t\t\t<div class=\"elementor-element elementor-element-f095887 e-flex e-con-boxed e-con e-parent\" data-id=\"f095887\" data-element_type=\"container\" data-settings=\"{&quot;background_background&quot;:&quot;gradient&quot;}\">\n\t\t\t\t\t<div class=\"e-con-inner\">\n\t\t<div class=\"elementor-element elementor-element-5ae96ca e-con-full e-flex e-con e-child\" data-id=\"5ae96ca\" data-element_type=\"container\">\n\t\t\t\t<div class=\"elementor-element elementor-element-6cb1010 elementor-widget elementor-widget-image\" data-id=\"6cb1010\" data-element_type=\"widget\" data-widget_type=\"image.default\">\n\t\t\t\t<div class=\"elementor-widget-container\">\n\t\t\t\t\t\t\t\t\t\t\t\t\t\t\t\t<a href=\"https:\/\/www.hydra-adriatic.eu\/index.php\/product-category\/hydra-groomers\/\">\n\t\t\t\t\t\t\t<img fetchpriority=\"high\" decoding=\"async\" width=\"950\" height=\"600\" src=\"https:\/\/www.hydra-adriatic.eu\/wp-content\/uploads\/2025\/05\/Expert-line.png\" class=\"attachment-large size-large wp-image-519\" alt=\"\" srcset=\"https:\/\/www.hydra-adriatic.eu\/wp-content\/uploads\/2025\/05\/Expert-line.png 950w, https:\/\/www.hydra-adriatic.eu\/wp-content\/uploads\/2025\/05\/Expert-line-300x189.png 300w, https:\/\/www.hydra-adriatic.eu\/wp-content\/uploads\/2025\/05\/Expert-line-768x485.png 768w\" sizes=\"(max-width: 950px) 100vw, 950px\" \/>\t\t\t\t\t\t\t\t<\/a>\n\t\t\t\t\t\t\t\t\t\t\t\t\t\t\t<\/div>\n\t\t\t\t<\/div>\n\t\t\t\t<\/div>\n\t\t<div class=\"elementor-element elementor-element-ddfdb8e e-con-full e-flex e-con e-child\" data-id=\"ddfdb8e\" data-element_type=\"container\" data-settings=\"{&quot;background_background&quot;:&quot;gradient&quot;}\">\n\t\t\t\t<div class=\"elementor-element elementor-element-013c4ed elementor-widget elementor-widget-heading\" data-id=\"013c4ed\" data-element_type=\"widget\" data-widget_type=\"heading.default\">\n\t\t\t\t<div class=\"elementor-widget-container\">\n\t\t\t\t\t<h1 class=\"elementor-heading-title elementor-size-default\">Popolnost ko jo najbolj potrebujete<\/h1>\t\t\t\t<\/div>\n\t\t\t\t<\/div>\n\t\t\t\t<div class=\"elementor-element elementor-element-ad67417 elementor-widget elementor-widget-text-editor\" data-id=\"ad67417\" data-element_type=\"widget\" data-widget_type=\"text-editor.default\">\n\t\t\t\t<div class=\"elementor-widget-container\">\n\t\t\t\t\t\t\t\t\t<p data-start=\"668\" data-end=\"945\"><strong data-start=\"215\" data-end=\"231\">Hydra Expert<\/strong> je ekskluzivna linija izdelkov, zasnovana za tiste dni, ko \u017eelite, da va\u0161 ljubljen\u010dek ne le izgleda \u010dudovito \u2013 temve\u010d naravnost zasije.<br data-start=\"367\" data-end=\"370\"><br><\/p><p data-start=\"668\" data-end=\"945\">\nGre za <strong data-start=\"377\" data-end=\"418\">profesionalno nego najvi\u0161je kakovosti<\/strong>, namenjeno pripravi na razstave, tekmovanja ali druge posebne prilo\u017enosti, kjer \u0161teje vsak detajl.<\/p>\t\t\t\t\t\t\t\t<\/div>\n\t\t\t\t<\/div>\n\t\t\t\t<\/div>\n\t\t\t\t\t<\/div>\n\t\t\t\t<\/div>\n\t\t<div class=\"elementor-element elementor-element-99479f2 e-flex e-con-boxed e-con e-parent\" data-id=\"99479f2\" data-element_type=\"container\">\n\t\t\t\t\t<div class=\"e-con-inner\">\n\t\t\t\t<div class=\"elementor-element elementor-element-63d2218 elementor-widget elementor-widget-heading\" data-id=\"63d2218\" data-element_type=\"widget\" data-widget_type=\"heading.default\">\n\t\t\t\t<div class=\"elementor-widget-container\">\n\t\t\t\t\t<h2 class=\"elementor-heading-title elementor-size-default\">Hydra Expert \u2013 Za popoln razstavni videz\n<\/h2>\t\t\t\t<\/div>\n\t\t\t\t<\/div>\n\t\t\t\t\t<\/div>\n\t\t\t\t<\/div>\n\t\t<div class=\"elementor-element elementor-element-5d75d0c e-flex e-con-boxed e-con e-parent\" data-id=\"5d75d0c\" data-element_type=\"container\" data-settings=\"{&quot;background_background&quot;:&quot;classic&quot;}\">\n\t\t\t\t\t<div class=\"e-con-inner\">\n\t\t\t\t\t<\/div>\n\t\t\t\t<\/div>\n\t\t\t\t<\/div>\n\t\t","protected":false},"excerpt":{"rendered":"<p>Popolnost ko jo najbolj potrebujete Hydra Expert je ekskluzivna linija izdelkov, zasnovana za tiste dni, ko \u017eelite, da va\u0161 ljubljen\u010dek ne le izgleda \u010dudovito \u2013 temve\u010d naravnost zasije. Gre za profesionalno nego najvi\u0161je kakovosti, namenjeno pripravi na razstave, tekmovanja ali &hellip; <a class=\"kt-excerpt-readmore more-link\" href=\"https:\/\/www.hydra-adriatic.eu\/index.php\/izdelki\/hydra-expert\/\">Read More<\/a><\/p>\n","protected":false},"author":1,"featured_media":0,"parent":38,"menu_order":0,"comment_status":"closed","ping_status":"closed","template":"","meta":{"footnotes":""},"_links":{"self":[{"href":"https:\/\/www.hydra-adriatic.eu\/index.php\/wp-json\/wp\/v2\/pages\/516"}],"collection":[{"href":"https:\/\/www.hydra-adriatic.eu\/index.php\/wp-json\/wp\/v2\/pages"}],"about":[{"href":"https:\/\/www.hydra-adriatic.eu\/index.php\/wp-json\/wp\/v2\/types\/page"}],"author":[{"embeddable":true,"href":"https:\/\/www.hydra-adriatic.eu\/index.php\/wp-json\/wp\/v2\/users\/1"}],"replies":[{"embeddable":true,"href":"https:\/\/www.hydra-adriatic.eu\/index.php\/wp-json\/wp\/v2\/comments?post=516"}],"version-history":[{"count":4,"href":"https:\/\/www.hydra-adriatic.eu\/index.php\/wp-json\/wp\/v2\/pages\/516\/revisions"}],"predecessor-version":[{"id":523,"href":"https:\/\/www.hydra-adriatic.eu\/index.php\/wp-json\/wp\/v2\/pages\/516\/revisions\/523"}],"up":[{"embeddable":true,"href":"https:\/\/www.hydra-adriatic.eu\/index.php\/wp-json\/wp\/v2\/pages\/38"}],"wp:attachment":[{"href":"https:\/\/www.hydra-adriatic.eu\/index.php\/wp-json\/wp\/v2\/media?parent=516"}],"curies":[{"name":"wp","href":"https:\/\/api.w.org\/{rel}","templated":true}]}}